10647101 prime?
False
Is 18908252137 a prime number?
False
Is 30036876017 composite?
False
Is 2348675887 composite?
True
Is 3144960919 prime?
False
Is 87232577 a prime number?
False
Is 199690847 prime?
True
Is 10583025679 a composite number?
True
Is 10447852513 composite?
True
Is 1472060927 composite?
True
Is 47728846259 a prime number?
True
Is 11280125035 composite?
True
Is 1459834997 composite?
False
Is 967806713 composite?
False
Is 49375869685 a prime number?
False
Is 10625568599 composite?
True
Is 6154557169 a composite number?
False
Is 12907694999 composite?
True
Is 208477933 a composite number?
False
Is 9987452639 prime?
True
Is 569995577 a prime number?
True
Is 1125994033 a composite number?
False
Is 14051282111 a prime number?
False
Is 1293195229 a composite number?
False
Is 56270150033 prime?
True
Is 956982913 a composite number?
True
Is 639185119 a composite number?
True
Is 4282037597 a prime number?
True
Is 153652043 a composite number?
False
Is 60068333461 prime?
False
Is 1744412343 a composite number?
True
Is 59828735539 composite?
False
Is 6020789251 composite?
False
Is 2698873247 a composite number?
True
Is 3623949479 a composite number?
True
Is 20706802045 a prime number?
False
Is 6100460227 a composite number?
False
Is 1199898047 a prime number?
True
Is 239215247 a prime number?
False
Is 181254001 a prime number?
True
Is 306175403 a composite number?
True
Is 4246416299 composite?
True
Is 39001747199 a composite number?
False
Is 230856260219 prime?
False
Is 1654949573 a composite number?
True
Is 441749383 composite?
False
Is 9209266327 composite?
False
Is 5744103401 a composite number?
True
Is 33161114303 prime?
True
Is 369366097 composite?
False
Is 25339081159 composite?
True
Is 4142784979 a composite number?
False
Is 67751424023 composite?
False
Is 146233577677 prime?
False
Is 29890894517 a composite number?
True
Is 914038499 a composite number?
True
Is 862992113 a prime number?
True
Is 9112839497 prime?
True
Is 4922934631 a prime number?
True
Is 37249126063 a composite number?
False
Is 651579469 a composite number?
True
Is 387758381 a prime number?
False
Is 26400613693 composite?
False
Is 3572307889 a prime number?
True
Is 40272018121 composite?
True
Is 2691133327 a prime number?
True
Is 741553397 composite?
True
Is 101873708267 a prime number?
False
Is 18564417241 a prime number?
True
Is 12238111659 composite?
True
Is 48572764951 prime?
False
Is 10867306033 prime?
False
Is 1975086703 a composite number?
True
Is 432619399 composite?
False
Is 761322811 prime?
True
Is 20202658241 composite?
False
Is 1072253029 a composite number?
True
Is 2296979681 a prime number?
False
Is 1724734951 prime?
False
Is 2156664509 composite?
False
Is 230788067 a prime number?
False
Is 13478077 a prime number?
True
Is 2114559023 a composite number?
False
Is 897201491 a prime number?
False
Is 1283891383 composite?
False
Is 779308961 composite?
True
Is 68697275033 a composite number?
True
Is 5513460569 a composite number?
False
Is 24660005681 a prime number?
False
Is 24326486381 a composite number?
False
Is 6015167569 composite?
True
Is 499810946 prime?
False
Is 861203699 prime?
False
Is 15847787 a prime number?
True
Is 931785451 a prime number?
False
Is 849882311 composite?
True
Is 287081109083 composite?
True
Is 443363882615 a composite number?
True
Is 194785693 a prime number?
False
Is 8013606091 a composite number?
False
Is 7005489707 composite?
True
Is 330601602379 prime?
True
Is 7814614 composite?
True
Is 4838168891 prime?
True
Is 34387087751 composite?
False
Is 10770053353 composite?
False
Is 10969424239 a prime number?
True
Is 1816567661 composite?
True
Is 349060991 a composite number?
True
Is 198730639 prime?
True
Is 269895918467 prime?
False
Is 10951487 prime?
False
Is 315279896833 a composite number?
True
Is 29185704341 composite?
True
Is 27328121309 composite?
True
Is 266694341 composite?
True
Is 10553787581 a composite number?
True
Is 1902680669 composite?
False
Is 3008570537 a prime number?
False
Is 570266953 a composite number?
False
Is 630509921 prime?
True
Is 18295198189 composite?
True
Is 36157521139 a prime number?
False
Is 594818437 composite?
False
Is 12801103961 prime?
False
Is 77354397443 prime?
True
Is 17672215783 prime?
True
Is 194741494511 composite?
True
Is 25279081747 prime?
False
Is 35402760289 a composite number?
True
Is 1305382171 composite?
True
Is 2135474051 prime?
True
Is 128784934 prime?
False
Is 1275076499 a composite number?
True
Is 42710534491 prime?
True
Is 1009668409 a composite number?
True
Is 2632908113 a prime number?
False
Is 15559019213 a prime number?
True
Is 157365343 prime?
False
Is 472254847 a prime number?
False
Is 2004829313 prime?
False
Is 1601307226 composite?
True
Is 3210754441 prime?
False
Is 20172244517 composite?
True
Is 8676735583 a prime number?
True
Is 66127094059 composite?
True
Is 3574827583 composite?
True
Is 13736196157 a composite number?
True
Is 62185538951 a composite number?
True
Is 2184919201 a prime number?
False
Is 2321995241 composite?
False
Is 3999668653 a composite number?
False
Is 48904229 a prime number?
False
Is 252897199 composite?
False
Is 296686455313 prime?
False
Is 1377151898 prime?
False
Is 1036830101 a prime number?
False
Is 43174909634 a prime number?
False
Is 17975722117 prime?
True
Is 1173521419 composite?
True
Is 15919474847 a prime number?
True
Is 9830893291 a prime number?
False
Is 13519789555 composite?
True
Is 50431131859 composite?
True
Is 17807216341 prime?
True
Is 1840645813 composite?
True
Is 11015315167 a composite number?
False
Is 63588204011 a prime number?
True
Is 98087512301 a prime number?
True
Is 2969704817 a composite number?
False
Is 80722101767 prime?
True
Is 1241461787 a composite number?
False
Is 3783835357 a composite number?
False
Is 380870861 a composite number?
True
Is 285472512005 prime?
False
Is 278098064537 a prime number?
True
Is 11149178497 a composite number?
True
Is 221313787 prime?
True
Is 86330386939 a composite number?
False
Is 364188113 composite?
True
Is 864503495 composite?
True
Is 27478201913 a composite number?
True
Is 1955867093 a prime number?
False
Is 14710486229 prime?
False
Is 899843159 composite?
False
Is 8525061731 prime?
True
Is 94252736969 prime?
True
Is 529547251 prime?
True
Is 5222592131 a prime number?
True
Is 270560467 a composite number?
True
Is 34527077789 a composite number?
False
Is 37363070989 a prime number?
True
Is 121277654 a prime number?
False
Is 3627528007 composite?
True
Is 455510087 a composite number?
True
Is 3611668793 composite?
False
Is 36626643341 prime?
False
Is 20341409217 a prime number?
False
Is 8020570297 a composite number?
False
Is 1439507213 a prime number?
False
Is 25223767601 a prime number?
True
Is 44755715269 a prime number?
True
Is 35931559187 a composite number?
False
Is 1118237279 composite?
True
Is 3213766973 a composite number?
False
Is 149336917 composite?
False
Is 8526655807 prime?
False
Is 385938493 prime?
True
Is 58007630491 prime?
False
Is 1235990561 a composite number?
True
Is 73366301413 composite?
True
Is 11778836933 composite?
False
Is 13719584371 composite?
False
Is 32396431961 prime?
True
Is 289095707 composite?
True
Is 9680108987 prime?
True
Is 44010319 a prime number?
False
Is 3458252327 a prime number?
True
Is 36479565203 composite?
True
Is 63415943 a composite number?
True
Is 180749993 a composite number?
False
Is 1834233178 a composite number?
True
Is 5339180859 composite?
True
Is 5938898591 a composite number?
False
Is 170001781 composite?
False
Is 35269303481 prime?
False
Is 16545599699 a prime number?
True
Is 1008553681 a prime number?
False
Is 5328685763 a prime number?
False
Is 23803418083 a prime number?
False
Is 7496458243 prime?
False
Is 1158200111 a composite number?
False
Is 1271276441 a composite number?
False
Is 8219190871 prime?
True
Is 35518042477 a composite number?
False
Is 7134316997 prime?
False
Is 103517261 prime?
True
Is 70617407137 composite?
False
Is 16911258191 composite?
True
Is 36436036019 composite?
True
Is 138924019433 prime?
True
Is 3981103645 composite?
True
Is 5106641549 prime?
True
Is 2800738489 composite?
True
Is 2137559689 composite?
False
Is 18861462491 composite?
False
Is 11854240694 composite?
True
Is 334053119 composite?
